6d
In base 9, what is 28 - -1833?
1862
In base 14, what is -3 - 2b728?
-2b72b
In base 12, what is 51 + -1b39?
-1aa8
In base 4, what is -20103121221 - -10?
-20103121211
In base 6, what is 403 - -1152?
1555
In base 10, what is -275323 + 4?
-275319
In base 15, what is -e - 4a12?
-4a21
In base 4, what is 3302 - 222?
3020
In base 9, what is -1802 + 202?
-1600
In base 4, what is 2 - -111002113?
111002121
In base 8, what is -10 - -434?
424
In base 2, what is -101001101011010 - 1011?
-101001101100101
In base 15, what is 748 + -20?
728
In base 14, what is -cc5dc3 + 0?
-cc5dc3
In base 2, what is -101101101011 - -10101?
-101101010110
In base 10, what is -234120 - 3?
-234123
In base 9, what is 1 + 6807?
6808
In base 16, what is -4 - a3f07?
-a3f0b
In base 3, what is -2 - 1221010121?
-1221010200
In base 4, what is -330 + -3302111?
-3303101
In base 5, what is 12101 + -101?
12000
In base 15, what is -3 - 1e69?
-1e6c
In base 16, what is -ae6 - -db?
-a0b
In base 7, what is 11662 + -361?
11301
In base 6, what is -3 - 440153?
-440200
In base 15, what is -3cb - 7?
-3d3
In base 5, what is 4142401 - 1?
4142400
In base 14, what is -66 - 1db?
-263
In base 4, what is 3100 + -1300?
1200
In base 15, what is 12 + -56eb6?
-56ea4
In base 7, what is -1261043 + 15?
-1261025
In base 16, what is -37b9 - -1b?
-379e
In base 13, what is 4107 + -7?
4100
In base 8, what is 33032 + -5?
33025
In base 16, what is -2039 - 20?
-2059
In base 11, what is 2908 - 16?
28a2
In base 8, what is 7 + -324627?
-324620
In base 15, what is d4 - -1375?
1459
In base 15, what is 2e71 + db?
305c
In base 6, what is -35 - -3121104?
3121025
In base 11, what is -7 + 1125?
1119
In base 12, what is -30 + -20537?
-20567
In base 6, what is 2152 - 153?
1555
In base 8, what is 2 + -115161?
-115157
In base 8, what is 22617 - 7?
22610
In base 10, what is 2 - -10221?
10223
In base 4, what is -31003021311 + 3?
-31003021302
In base 2, what is 101 + -110011010000110?
-110011010000001
In base 3, what is -110120122 - 2?
-110120201
In base 2, what is 100 + 110101110010001?
110101110010101
In base 13, what is 3 - -7988?
798b
In base 8, what is 3157454 - -3?
3157457
In base 7, what is 3122 - -1521?
4643
In base 8, what is 25426 - -144?
25572
In base 10, what is -1509 - -1?
-1508
In base 4, what is 11 - -111121222?
111121233
In base 6, what is -1 - 22312310?
-22312311
In base 3, what is -101 + -100220121?
-100220222
In base 15, what is -6 + a11?
a0a
In base 9, what is 1 - 666?
-665
In base 3, what is 1110001111 + -1?
1110001110
In base 3, what is -2000220222 + 10?
-2000220212
In base 7, what is 5 + -305435?
-305430
In base 6, what is 122213343 + 3?
122213350
In base 12, what is -5 + -4376?
-437b
In base 8, what is -4057 + 5?
-4052
In base 7, what is 46402166 - -5?
46402204
In base 6, what is 2123 - -2213?
4340
In base 9, what is -6 + -333812?
-333818
In base 12, what is -32 - 19651?
-19683
In base 14, what is 47c - 6d?
40d
In base 7, what is 2 - 11322050?
-11322045
In base 8, what is -401 + -667?
-1270
In base 2, what is -110111101100011 - -100?
-110111101011111
In base 15, what is 10c329 + -1?
10c328
In base 3, what is 10110 + 212?
11022
In base 4, what is -1130 - -32220?
31030
In base 6, what is -23402054 - -5?
-23402045
In base 6, what is 1 - -2200044?
2200045
In base 16, what is b9b - d?
b8e
In base 3, what is -11101012010 - -20?
-11101011220
In base 9, what is 186 - -200?
386
In base 7, what is -22512 + 25?
-22454
In base 7, what is -16 - -22?
3
In base 14, what is -5 + -83415?
-8341a
In base 5, what is 223 + -1012?
-234
In base 2, what is -100001011001001111 + 11?
-100001011001001100
In base 4, what is -20 - -10133023?
10133003
In base 14, what is 35 + -1137?
-1102
In base 11, what is -168 - -1029?
971
In base 5, what is 2241 - -304?
3100
In base 3, what is -1102000202212 - -10?
-1102000202202
In base 2, what is -10100011010001111000 - 11?
-10100011010001111011
In base 3, what is -100 + -11121211022?
-11121211122
In base 2, what is -101100 + -1000011001?
-1001000101
In base 10, what is -2 + -15121?
-15123
In base 9, what is -5 - 5257?
-5263
In base 15, what is -ad - 21?
-ce
In base 2, what is -111001000 + 10011001?
-100101111
In base 4, what is -10213103 + -13?
-10213122
In base 4, what is -321230 + -111?
-322001
In base 13, what is 367 - -120?
487
In base 15, what is -24d - -24?
-229
In base 15, what is -61a - -d?
-60c
In base 3, what is -122202110122 - -1?
-122202110121
In base 13, what is -1c + 61?
42
In base 11, what is 43158 + 7?
43164
In base 14, what is 5 + 6566?
656b
In base 7, what is 355 - 526?
-141
In base 11, what is -8 - 212?
-21a
In base 11, what is 5 + -76888?
-76883
In base 13, what is -13b2 - -6?
-13a9
In base 6, what is -3123 + 40?
-3043
In base 10, what is 5 - 10712?
-10707
In base 5, what is 44 + 14142234?
14142333
In base 10, what is 26584 - 19?
26565
In base 15, what is -807 - -2c?
-7ca
In base 2, what is -100111001101 - 100110001?
-101011111110
In base 5, what is 43320201 + -13?
43320133
In base 3, what is 112000 + 12001?
201001
In base 15, what is 192c + -2?
192a
In base 7, what is -10131 - 0?
-10131
In base 10, what is -4 + -125199?
-125203
In base 11, what is 64 - 8189?
-8125
In base 15, what is -6867 - 3?
-686a
In base 10, what is -134 - -1675?
1541
In base 8, what is -3 - 1073766?
-1073771
In base 15, what is -5 + 1c02?
1bec
In base 6, what is -2441041 - -5?
-2441032
In base 3, what is -210112101012 - 2?
-210112101021
In base 10, what is -599496 + 5?
-599491
In base 10, what is -43 - -3252?
3209
In base 2, what is -1 - -1111010110000010001?
1111010110000010000
In base 5, what is -10 - 23014?
-23024
In base 16, what is 1 - 3caf?
-3cae
In base 15, what is -20 + 237?
217
In base 7, what is -20253012 - -5?
-20253004
In base 15, what is -18 + -3c?
-55
In base 11, what is 220 - a1a?
-7aa
In base 8, what is -11 + -12750?
-12761
In base 11, what is 34 - -a575?
a5a9
In base 13, what is 975 - -15?
98a
In base 8, what is 4 + -3671712?
-3671706
In base 5, what is -1121120 - -42?
-1121023
In base 16, what is -34c6 - 38?
-34fe
In base 4, what is 1311 - -212012?
213323
In base 4, what is 2013 - 2130?
-111
In base 11, what is 24053 + -a?
24044
In base 6, what is 2143 - 153?
1550
In base 9, what is -26 + -1537?
-1564
In base 5, what is -2 - 431033?
-431040
In base 2, what is -1001001001110111000001 + 11?
-1001001001110110111110
In base 3, what is -2002 - 120001?
-122010
In base 8, what is -540 + 730?
170
In base 16, what is 5 + 618?
61d
In base 12, what is -10339b + 4?
-103397
In base 2, what is -11 + 1000001100000?
1000001011101
In base 13, what is -401 + 145a?
1059
In base 8, what is 57603 - 5?
57576
In base 2, what is 100 - -10101110110100011010?
10101110110100011110
In base 2, what is -10100100 - -100101001?
10000101
In base 14, what is b + 4672?
467d
In base 14, what is 283a01 - 0?
283a01
In base 10, what is -19432 - 2?
-19434
In base 7, what is 3 - -5162?
5165
In base 11, what is 38477 - 4?
38473
In base 14, what is 637 - -26?
65d
In base 5, what is 33 + -1134224?
-1134141
In base 8, what is 100 + 107157?
107257
In base 13, what is -3 - -4a705?
4a702
In base 5, what is -3 - 230414?
-230422
In base 14, what is -9 + -bc54?
-bc5d
In base 12, what is -923 + -250?
-b73
In base 7, what is -12 + -62300?
-62312
In base 11, what is -2232 + -51?
-2283
In base 16, what is -29e - -350?
b2
In base 3, what is -11202001022101 + -12?
-11202001022120
In base 10, what is 87706 - -4?
87710
In base 16, what is -205c + -2?
-205e
In base 7, what is 4 - 335263?
-335256
In base 6, what is 4 + -44105?
-44101
In base 2, what is -1001001100 - -110010100?
-10111000
In base 11, what is -3 - -9858?
9855
In base 4, what is 21 - 1311333?
-1311312
In base 15, what is -9 + -744e?
-7458
In base 7, what is 3 + 1410000?
1410003
In base 14, what is -99 + 2379?
22c0
In base 9, what is 350 + 1315?
1665
In base 2, what is 100001 + 111111000110?
111111100111
In base 16, what is 6 + 47d?
483
In base 3, what is -10221 + 120010212?
112222221
In base 11, what is 27263 - 0?
27263
In base 7, what is -3026 - 321?
-3350
In base 2, what is -10011 + -10011010001100101?
-10011010001111000
In base 6, what is -22534 - 5214?
-32152
In base 6, what is 22411043 - 0?
22411043
In base 13, what is -aa - 1382?
-145c
In base 7, what is 450 - -452?
1232
In base